What is the remainder when v is divided by (-2)/(10/15*-1)?
2
Suppose 1491 = 333*y - 312*y. What is the remainder when y is divided by 12*3/((-12)/(-5))?
11
Let z be (16/(-40))/(((-1)/(-5))/(-1)). Let c = 19 - z. What is the remainder when c is divided by 10?
7
What is the remainder when 45 is divided by 24/(-5 - -13) + 28/2?
11
Suppose 5*x = -2 + 12, -2*l + 168 = -4*x. What is the remainder when l is divided by 25?
13
Let x(j) = 8*j**2 - 4*j + 2. Calculate the remainder when x(2) is divided by 43/(-86) + 87/6.
12
Let o(c) = 10*c**2 + 40*c + 41. What is the remainder when (-17)/(-4)*(6 - 2) is divided by o(-1)?
6
Suppose 0 = 4*u + x - 248, 41 + 30 = u - 2*x. Calculate the remainder when u is divided by 28.
7
Let x = -340 + 343. What is the remainder when 17 is divided by x?
2
Suppose 14*w - 799 = -3*w. Calculate the remainder when 120 is divided by w.
26
Suppose -l + 22 = -3*k, 4*l + l - 110 = -4*k. Calculate the remainder when 97 is divided by 1 + (l - 1 - -3).
22
Let w = 92 - 89. Let t be (3/(-6))/((-1)/32). Suppose 4*q = t, -2*j + 2*q = -w*j + 24. What is the remainder when j is divided by 10?
6
Suppose -4*g + 172 = w + 4*w, 34 = g - w. Let l = g + -30. What is the remainder when 21 is divided by l?
5
Suppose w + 406 = 3*b, -2*w + 4 = 6. Calculate the remainder when b is divided by 35.
30
Let g(i) = -20 - 2*i - 20 + 35. Let x be (-1 - 3)/((-2)/(-3)). Calculate the remainder when 25 is divided by g(x).
4
Let u be 101/(1*2*(-8)/16). Let k = -85 - u. Calculate the remainder when k is divided by 12.
4
Let y = 1 + 0. Calculate the remainder when (-87)/(3 + (y - 5)) is divided by 44.
43
Let q(o) = 10*o - 165. Let v be 141/9 + 2/(-3). Suppose 2*m = -a + v, -4*a = -2*m + 5 - 55. Calculate the remainder when q(19) is divided by a.
12
Let d(j) = j**2 - 6*j + 20. What is the remainder when d(6) is divided by 16?
4
Suppose 3*s + 62 = 3*p + s, 0 = 3*p - 5*s - 47. Suppose p = j - 3. Suppose 0 = -2*w + 3*w - j. What is the remainder when w is divided by 15?
12
Let t(l) = 9*l + 153. Suppose 0 = -4*a - 3*c - 0*c + 106, -a - c + 26 = 0. What is the remainder when t(-11) is divided by a?
26
Suppose 0 = -b + 4*y - 15, -y - y + 12 = 4*b. Let r be 1530/42 + (-8)/(-14). Let p = -34 + r. What is the remainder when p is divided by b?
0
Calculate the remainder when 219 is divided by 15 - ((-10)/4)/(27/54).
19
Let q be (-2)/(-1)*-1 - -4. Suppose -q*m = 4*i + 8, -3*i = -5*i + 2. Let t = 17 + m. Calculate the remainder when 20 is divided by t.
9
Let v(t) = t**3 + 13*t**2 - 7*t - 4. Let h be v(-13). Suppose -4*y - 3*b - 28 = -h, -b = -4*y + 55. Calculate the remainder when y is divided by 6.
2
Suppose 5*c = 14*c - 1620. Calculate the remainder when c is divided by 47.
39
Suppose -12 = 4*b - 56. Suppose 0 = b*f - 3*f - 1008. What is the remainder when f is divided by 32?
30
Let v(w) = -2*w**2 - 18*w + 14. Let q be v(-10). Let x(n) = -n**2 - 19*n + 9. What is the remainder when x(q) is divided by 11?
10
Let x(r) = 3*r**3 - 3*r**2 - 4*r + 3. What is the remainder when x(2) is divided by 2?
1
Let g(l) = -2*l - 2. Let i be g(-2). Suppose 0 = -4*b - i*h + 34, -3*b - 2*h = -0*b - 23. Calculate the remainder when 36 is divided by b.
3
Suppose 9*x - 3*x = 504. Suppose -4*k - 5*f = k - 105, 2*f = 4*k - x. Calculate the remainder when 74 is divided by k.
11
Let r(u) = u**3 - 8*u**2 + 6*u + 10. Let z be r(7). Suppose z = m - 1. Calculate the remainder when (-760)/(-55) - (-4)/22 is divided by m.
2
Let s(z) = z**3 - z**2 + 5*z - 16. Let j be 3/(-21)*-2 + 114/42. What is the remainder when 100 is divided by s(j)?
15
Suppose 4*g + 554 = 7*t - 2*t, 4*g = -2*t + 244. Let q = t - -87. Calculate the remainder when q is divided by 17.
14
Let u = 19 - 15. Suppose -u*l = -5*t + 123, 4*l - 152 = -5*t - 5. Suppose 2 = z + 5*p - 23, 2*z - 8 = 4*p. Calculate the remainder when t is divided by z.
7
Let t(l) = 12*l + 7*l - 4*l + 6. Let y = -2 + 15. Calculate the remainder when t(2) is divided by y.
10
What is the remainder when 30 + (-10 - -2) + (-24)/(-8) is divided by 15?
10
Let d be (-2)/(-1 - -2 - 0). Calculate the remainder when ((-30)/18)/((-2)/78) is divided by (11/(-3))/(d/12).
21
Let h = -812 - -1932. What is the remainder when h is divided by 11?
9
Let a = 45 + 20. Let d = -39 - -73. Calculate the remainder when a is divided by d.
31
Suppose -2*z = x + 3*x + 14, -5*x = -3*z + 12. Let d be 0/3 - (-1 + x). Calculate the remainder when 12 is divided by ((-15)/(-12))/(1/d).
2
Let r(i) = 5*i**2 + 11*i + 16. What is the remainder when 29 is divided by r(-2)?
1
Suppose 3381 + 714 = 15*q. Calculate the remainder when q is divided by 82.
27
Let m be 4/10 + (-460)/25. What is the remainder when 2*m/4*-1 is divided by -3*4/(-3)*11/11?
1
Suppose 20 = 7*c - 5*c. What is the remainder when (c/20)/((-2)/(-92)) is divided by 7?
2
Let i(c) = c + 7. Let s be i(-5). Suppose -2*h = 4*n - 16, 2*n = h - s*n - 2. Calculate the remainder when 23 is divided by h.
5
Let a = 45 - 24. Let k(p) = -2*p**3 - 9*p**2 + 3*p - 10. Let f be k(-5). Suppose 6*s = -f*s + 366. Calculate the remainder when s is divided by a.
19
Suppose 2*v - 68 = -4*w, 2*v = -3*v - 4*w + 140. Let y = v + -26. Calculate the remainder when y/6 + (-440)/(-6) is divided by 19.
16
Let h = 58 - -224. What is the remainder when h is divided by 96?
90
Suppose -5*y + 0*q + 5*q = -100, 3*q + 30 = y. What is the remainder when 11 is divided by 18/(-6)*y/(-9)?
1
Let q be (-4)/(-22) + (-44)/242. Suppose 40*v - 32*v - 56 = q. Suppose 5*l + 5*s = 80, -l - 4*l + 5*s + 110 = 0. What is the remainder when l is divided by v?
5
Suppose -2*p - 72 = -3*b, -2*b + 151 - 101 = -2*p. Calculate the remainder when 944 is divided by b.
20
Suppose -33*n + 35*n = 158. Suppose 3*c - 105 = -2*c. Calculate the remainder when n is divided by c.
16
Suppose -537*g = -524*g - 962. Calculate the remainder when g is divided by 102/4 + (-2)/4.
24
Suppose 5*t - 37 - 3 = 4*c, 4*c = -5*t. Suppose 38 = 2*l - t*q, -4*q + 29 = 5*l - 10. Let v = -11 + 43. What is the remainder when v is divided by l?
10
Suppose 0*r + r - 129 = 0. Suppose -22*q + 19*q + r = 0. Calculate the remainder when q is divided by 22.
21
Let f = 40 - -4. Calculate the remainder when 118 is divided by f.
30
Let y = -10 - -88. Calculate the remainder when y is divided by 42.
36
Suppose -10*y - 18*y = -532. Calculate the remainder when 227 is divided by y.
18
Suppose c + 8*c = 0. Suppose 2*p + 2*d - 42 = 0, c = -0*d - 2*d + 6. What is the remainder when 71 is divided by p?
17
Let u = -15 + 29. Suppose -2*s + u = -w - 3*w, -5*s + 21 = -3*w. Let a = 32 + -20. What is the remainder when a is divided by s?
0
Suppose 3*x + 20 = g, 101 = 4*g - 3*x - 2*x. Suppose 2*w + 3 = -2*m + 55, -2*m = -w + g. What is the remainder when w is divided by 7?
6
Suppose -3*u = 2*h - 167, -u - 4*h = -3*u + 90. Suppose -4*t + 197 = u. What is the remainder when (-620)/(-6) + t/(-27) is divided by 26?
24
Let l(a) = -a**3 + 10*a**2 + a - 1. Let k = -17 + 27. Let i(d) = -d**3 + 11*d**2 - 10*d + 10. Let n be i(k). Calculate the remainder when 24 is divided by l(n).
6
Let q(i) = 2*i**2 + 20*i + 30. What is the remainder when 178 is divided by q(-10)?
28
Suppose 3*r - 45 = 36. Suppose y = -2*y + r. Let d = 1 + y. What is the remainder when 47 is divided by d?
7
Suppose 4*v = 313 - 33. Let o = -14934 - -14952. Calculate the remainder when v is divided by o.
16
Let d = -1 + 3. Let h = 1394 + -1388. What is the remainder when h is divided by d?
0
Let z = -694 - -729. Calculate the remainder when 66 is divided by z.
31
Suppose 92*s = 86*s + 672. Calculate the remainder when s is divided by 30.
22
Let p(k) = -k + 23. Suppose -55 = -8*b + 3*b. What is the remainder when p(-15) is divided by b?
5
Let s = 193 + -183. What is the remainder when s is divided by ((-84)/9)/4*-3?
3
Let n = -12 + 5. Let p(y) = -4*y - 3. Suppose -7*r + 2*r + 490 = 0. What is the remainder when r is divided by p(n)?
23
Let g(o) = 9*o**3 + o**2 + o - 1. Let h be (-3)/(-9) + 20/12. Calculate the remainder when g(h) is divided by 20.
17
Let i(d) = 15*d - 7. Let v be i(3). Suppose -9*a = -v + 2. Calculate the remainder when 7 is divided by a.
3
Let w(n) = n**3 - 12*n**2 + 35*n - 21. What is the remainder when w(10) is divided by 19?
15
Let g = -1184 + 1222. Calculate the remainder whe